{"id":395,"date":"2023-11-10T13:38:37","date_gmt":"2023-11-10T12:38:37","guid":{"rendered":"https:\/\/wanna.lux-webudvikling.dk\/?post_type=product&#038;p=395"},"modified":"2023-11-10T13:38:40","modified_gmt":"2023-11-10T12:38:40","slug":"knk-luksus-bondagesaet-12-dele-kopier","status":"publish","type":"product","link":"https:\/\/wanna.lux-webudvikling.dk\/?product=knk-luksus-bondagesaet-12-dele-kopier","title":{"rendered":"K!nk Luksus Bondages\u00e6t &#8211; 12 Dele (Kopier)"},"content":{"rendered":"<div id=\"product.info.description\" class=\"data item content\" role=\"tabpanel\" data-role=\"content\" aria-labelledby=\"tab-label-product.info.description\" aria-hidden=\"false\">\n<p>Tidligere var det ikke noget, du sagde h\u00f8jt, hvis du blev t\u00e6ndt af at blive fikseret og spanket af din partner. Det var n\u00e6rmest skaml\u00f8st at overlade al magt til manden og lade sig hengive til at v\u00e6re det \u201dsvage\u201d k\u00f8n. Den tid er heldigvis ovre. Det har en popul\u00e6r trilogi lavet om p\u00e5. Nu er det n\u00e6rmest din pligt, at du lader din mand lokke din indre Anastasia frem. Og det kan han med dette Luksus Bondage Set.<\/p>\n<p><strong>Luksus Bondage Spankingset best\u00e5r af 12 pirrende dele<\/strong><br \/>\nHvis du t\u00e6nder p\u00e5 bondage, magtspil og ydmyghed, s\u00e5 vil bare synet af dette s\u00e6t, g\u00f8re dig vild og v\u00e5d mellem benene. S\u00e6ttet best\u00e5r af 12 dragende dele, som han p\u00e5 drilagtig vis kan g\u00f8re dig endnu mere v\u00e5d med.<\/p>\n<ul>\n<li>1 bondagereb<\/li>\n<li>2 h\u00e5ndledsmanchetter<\/li>\n<li>2 ankelmanchetter<\/li>\n<li>2 k\u00e6der med karabinhager til at samle manchetterne parvis<\/li>\n<li>1 halsb\u00e5nd<\/li>\n<li>1 hundesnor<\/li>\n<li>1 gag<\/li>\n<li>1 blindfold<\/li>\n<li>1 pisk<\/li>\n<\/ul>\n<p>Alle de dele, som har behov for det, kan justeres, s\u00e5 de kan tilpasses perfekt og passe til de fleste st\u00f8rrelser.<\/p>\n<p>Der er s\u00e5ledes ALT det, som I har brug for til at komme i gang med spankinguniversets gl\u00e6der. Vil I g\u00f8re det endnu vildere, s\u00e5 snup et par <a href=\"https:\/\/www.sexshop.dk\/fetish\/bondage\/spredestaenger\">spredest\u00e6nger<\/a> og et par <a href=\"https:\/\/www.sexshop.dk\/fetish\/pirring\/klemmer\">klemmer<\/a> med, og der vil ikke v\u00e6re et \u00f8je t\u00f8rt \u2013 eller en mis for den sags skyld.<\/p>\n<p><strong>Bl\u00f8dt og langt bondagereb<\/strong><br \/>\nBondagerebet er 10 meter langt. Det er nok til at lave en flot bondageteknik, som f\u00e5r forlygterne til at blive ekstra fristende b\u00e5de i lys og m\u00f8rke.<\/p>\n<p>Rebet er rundt og eftergivende. Ikke s\u00e5 eftergivende, at du kan smyge dig ud af det som en Harriet Houdini, men s\u00e5 det ikke gnaver sig ind i din hud og efterlader rifter eller andre ubehageligheder.<\/p>\n<p><strong>Manchetter med plys og l\u00e6derlook<\/strong><br \/>\nAlle manchetterne \u2013 hals-, h\u00e5ndleds- og ankel- \u2013 har samme blanke l\u00e6derlook finish udvendigt og er foret med det bl\u00f8deste imiterede pelsv\u00e6rk indvendigt. Det betyder, at de er bl\u00f8de at have p\u00e5, men stadig har en fasthed, der indikerer, at du for alvor er sp\u00e6ndt fast.<\/p>\n<p>Alle manchetter kan reguleres ved hj\u00e6lp af b\u00e6ltelukning med blanke nitter, D-ringe og sp\u00e6nder. Der medf\u00f8lger to k\u00e6der med karabinhage, der kan s\u00e6ttes i ringene p\u00e5 ankel- og h\u00e5ndledsmanchetterne, s\u00e5 de kan samles p\u00e5 kryds og tv\u00e6rs \u2013 bag p\u00e5 ryggen og m\u00e5ske med samlede ben eller fra h\u00e5ndled til ankel, s\u00e5 du er \u201dbukket sammen\u201d p\u00e5 midten. Eller de kan s\u00e6ttes fast i kroge, du har monteret i seng, p\u00e5 v\u00e6g eller \u2026 K\u00e6derne m\u00e5ler 13 cm.<\/p>\n<p>I halsb\u00e5ndet kan den medf\u00f8lgende hundesnor f\u00e6stnes, s\u00e5 du kan blive trukket rundt i manegen.<\/p>\n<p><strong>Elastisk blindfold<\/strong><br \/>\nBlindfoldet er ikke regulerbart, men det er udstyret med en elastik, s\u00e5 det p\u00e5 den m\u00e5de sidder t\u00e6t til. Det er i mat l\u00e6derlook p\u00e5 ydersiden og har bl\u00f8d inderside.<\/p>\n<p><strong>Gag og pisk \u2013 prikken over i\u2019et<\/strong><br \/>\nN\u00e5r du nu ligger, st\u00e5r eller sidder d\u00e9r og er helt fikseret ude af stand til at forsvare dig og uden at kunne se, hvad der skal til at ske, s\u00e5 s\u00e6tter gaggen lige ekstra kolorit p\u00e5 legene.<\/p>\n<p>Gaggen er af h\u00e5rd plast og med huller i, s\u00e5 du frit kan tr\u00e6kke vejret \u2013 med \u00e5ben mund. Remmen rundt om hovedet har bl\u00f8d inderside, yderside med mat l\u00e6derlook og er regulerbar.<\/p>\n<p>Nu er du ikke alene blind, men ogs\u00e5 ude af stand til at tale og har sv\u00e6rt ved at holde p\u00e5 mundvandet. Det eneste, du kan g\u00f8re, er at lade st\u00e5 til og komme med ophidsede, dyriske lyde.<\/p>\n<p>Fr\u00e5dende i begge ender er det tid til, at du m\u00e6rker pisken. Den er ligeledes i mat l\u00e6derlook. Den har 15 smalle haler, der kan kilde fr\u00e6kt og pirrende, men som ogs\u00e5 kan give et godt slag, der kan m\u00e6rkes og giver en god lyd.<\/p>\n<p>Pisken vejer ikke ret meget, s\u00e5 det er nemt at styre, hvis slaget ikke skal v\u00e6re for h\u00e5rdt. Den har et godt greb med rem, s\u00e5 den kan s\u00e6ttes om h\u00e5ndleddet.<\/p>\n<p><strong>Bestil i dag, og f\u00e5 i morgen<br \/>\n<\/strong>Har du planer for weekenden? Bestil Luksus Bondage Set i dag, og s\u00e6t kryds i kalenderen ud for OPTAGET, for vi s\u00f8rger for, at du har s\u00e6ttet i morgen, hvis du bestiller p\u00e5 hverdage f\u00f8r kl. 21.<\/p>\n<\/div>\n","protected":false},"excerpt":{"rendered":"<div class=\"product attribute overview\">\n<div class=\"value\">\n<ul>\n<li>S\u00e6t med 12 dele til bondage og spanking<\/li>\n<li>L\u00e6kkert s\u00e6t til begyndere og \u00f8vede<\/li>\n<li>Enheder, der skal passe perfekt, kan reguleres i st\u00f8rrelsen<\/li>\n<li>Har en indbydende, sexet farvet med l\u00e6derlook og metalblanke nitter, ringe og sp\u00e6nder<\/li>\n<li>Behageligt bl\u00f8dt mod huden, uden at det mister den n\u00f8dvendige stabilitet<\/li>\n<li>Indeholder bondagereb, h\u00e5ndledsmanchetter, ankelmanchetter, k\u00e6der med karabinhager, halsb\u00e5nd, hundesnor, gag, blindfold og pisk<\/li>\n<\/ul>\n<\/div>\n<\/div>\n","protected":false},"featured_media":279,"template":"","meta":[],"product_cat":[20],"product_tag":[],"class_list":{"0":"post-395","1":"product","2":"type-product","3":"status-publish","4":"has-post-thumbnail","6":"product_cat-fetish","8":"first","9":"instock","10":"shipping-taxable","11":"purchasable","12":"product-type-simple"},"_links":{"self":[{"href":"https:\/\/wanna.lux-webudvikling.dk\/index.php?rest_route=\/wp\/v2\/product\/395","targetHints":{"allow":["GET"]}}],"collection":[{"href":"https:\/\/wanna.lux-webudvikling.dk\/index.php?rest_route=\/wp\/v2\/product"}],"about":[{"href":"https:\/\/wanna.lux-webudvikling.dk\/index.php?rest_route=\/wp\/v2\/types\/product"}],"wp:featuredmedia":[{"embeddable":true,"href":"https:\/\/wanna.lux-webudvikling.dk\/index.php?rest_route=\/wp\/v2\/media\/279"}],"wp:attachment":[{"href":"https:\/\/wanna.lux-webudvikling.dk\/index.php?rest_route=%2Fwp%2Fv2%2Fmedia&parent=395"}],"wp:term":[{"taxonomy":"product_cat","embeddable":true,"href":"https:\/\/wanna.lux-webudvikling.dk\/index.php?rest_route=%2Fwp%2Fv2%2Fproduct_cat&post=395"},{"taxonomy":"product_tag","embeddable":true,"href":"https:\/\/wanna.lux-webudvikling.dk\/index.php?rest_route=%2Fwp%2Fv2%2Fproduct_tag&post=395"}],"curies":[{"name":"wp","href":"https:\/\/api.w.org\/{rel}","templated":true}]}}