{"id":397,"date":"2023-11-10T13:38:57","date_gmt":"2023-11-10T12:38:57","guid":{"rendered":"https:\/\/wanna.lux-webudvikling.dk\/?post_type=product&#038;p=397"},"modified":"2023-11-16T14:37:27","modified_gmt":"2023-11-16T13:37:27","slug":"satisfyer-hug-me-rabbit-vibrator-kopier","status":"publish","type":"product","link":"https:\/\/wanna.lux-webudvikling.dk\/?product=satisfyer-hug-me-rabbit-vibrator-kopier","title":{"rendered":"Satisfyer Hug Me Rabbit Vibrator (Kopier)"},"content":{"rendered":"<p>Sluk dine indre lyster med Satisfyer Hug Me. En <a href=\"https:\/\/www.sexshop.dk\/kvinder\/vibrator\/rabbit-vibrator\" target=\"_self\" rel=\"noopener\">rabbit-vibrator<\/a>, der fork\u00e6ler dig med l\u00e6kker dobbelt stimulation og f\u00f8les som dejlige kram p\u00e5 dine intime dele.<\/p>\n<p>Det lille kurvede klitorishoved b\u00e5de ligner og f\u00f8les som en tunge og kombineret med de l\u00e6kre vibrationer, f\u00e5r du dit livs oral-sex oplevelse. Kombiner med en god <a href=\"https:\/\/www.sexshop.dk\/kvinder\/glidecreme\/vandbaseret-glidecreme\" target=\"_self\" rel=\"noopener\">vandbaseret glidecreme<\/a> og du vil f\u00e5 en oplevelse, som ingen mand ville kunne give dig.<\/p>\n<p>I mods\u00e6tning til andre rabbit-vibratorer, er Satisfyer Hug Me to motorer placeret i selve hovedet p\u00e5 b\u00e5de klitoris-og g-punktsdelen. Dette bidrager til en mere intens f\u00f8lelse af at kunne m\u00e6rke vibrationer direkte p\u00e5 dine tr\u00e6ngende steder, i stedet for at m\u00e6rke vibrationerne komme nede fra h\u00e5ndtaget.<\/p>\n<p>H\u00e5ndtaget er formet som en l\u00f8kke, s\u00e5 du kan f\u00e5 endnu mere kontrol over vibratoren og sikre dig en behageligt ergonomisk greb i alle t\u00e6nkelige positioner.<\/p>\n<p>Hver motor er herre over hele 12 forskellige vibrationsm\u00f8nstre, som du kan kombin\u00e9r p\u00e5 utallige m\u00e5der og f\u00e5 flere timers fr\u00e6k og udfordrende leg. Du kan ogs\u00e5 downloade Satisfyer gratis Connect App, hvilket giver dig uendelige muligheder og med mulighed for at skr\u00e6ddersy vibratoren, s\u00e5 de passer pr\u00e6cis til dine lyster direkte fra din smartphone eller m\u00e5ske din partners?<\/p>\n<p>Hug Me har en 100% vandt\u00e6t overflade, fremstillet af kropsvenligt silikone. Du kan derfor nemt reng\u00f8re vibratoren med varmt vand og s\u00e6be efter brug \u2013 s\u00e5 er den hurtigt klar til omgang nummer to.<\/p>\n","protected":false},"excerpt":{"rendered":"<div class=\"product attribute overview\">\n<div class=\"value\">\n<ul>\n<li>Rabbit vibrator til l\u00e6kker dobbelt stimulering<\/li>\n<li>Udstyret med to motorer i b\u00e5de klitoris-og g-punktsdelen<\/li>\n<li>Klitorisdelen b\u00e5de ligner og f\u00f8les som en tunge for dit livs oral-sex oplevelse.<\/li>\n<li>Perfekt ergonomisk h\u00e5ndtag<\/li>\n<li>2 x 12 forudindstillet vibrationsm\u00f8nstre<\/li>\n<li>Medf\u00f8lger gratis Satisfyer Connect App for skr\u00e6ddersyet tilpasning<\/li>\n<li>100% vandt\u00e6t og kropsvenligt silikone<\/li>\n<li>Lydsvag og genopladelig<\/li>\n<li>B\u00f8r anvendes sammen med en vandbaseret glidecreme<\/li>\n<\/ul>\n<\/div>\n<\/div>\n","protected":false},"featured_media":275,"template":"","meta":[],"product_cat":[32,17],"product_tag":[],"class_list":{"0":"post-397","1":"product","2":"type-product","3":"status-publish","4":"has-post-thumbnail","6":"product_cat-vibratorer","7":"product_cat-kvinder","9":"first","10":"instock","11":"shipping-taxable","12":"purchasable","13":"product-type-simple"},"_links":{"self":[{"href":"https:\/\/wanna.lux-webudvikling.dk\/index.php?rest_route=\/wp\/v2\/product\/397","targetHints":{"allow":["GET"]}}],"collection":[{"href":"https:\/\/wanna.lux-webudvikling.dk\/index.php?rest_route=\/wp\/v2\/product"}],"about":[{"href":"https:\/\/wanna.lux-webudvikling.dk\/index.php?rest_route=\/wp\/v2\/types\/product"}],"wp:featuredmedia":[{"embeddable":true,"href":"https:\/\/wanna.lux-webudvikling.dk\/index.php?rest_route=\/wp\/v2\/media\/275"}],"wp:attachment":[{"href":"https:\/\/wanna.lux-webudvikling.dk\/index.php?rest_route=%2Fwp%2Fv2%2Fmedia&parent=397"}],"wp:term":[{"taxonomy":"product_cat","embeddable":true,"href":"https:\/\/wanna.lux-webudvikling.dk\/index.php?rest_route=%2Fwp%2Fv2%2Fproduct_cat&post=397"},{"taxonomy":"product_tag","embeddable":true,"href":"https:\/\/wanna.lux-webudvikling.dk\/index.php?rest_route=%2Fwp%2Fv2%2Fproduct_tag&post=397"}],"curies":[{"name":"wp","href":"https:\/\/api.w.org\/{rel}","templated":true}]}}